{"id":4430,"date":"2022-05-19T16:51:03","date_gmt":"2022-05-19T14:51:03","guid":{"rendered":"https:\/\/pielgrzymkakociewie.pl\/?page_id=4430"},"modified":"2025-02-24T16:52:19","modified_gmt":"2025-02-24T15:52:19","slug":"noclegi","status":"publish","type":"page","link":"https:\/\/pielgrzymkakociewie.pl\/index.php\/abc-pielgrzyma\/noclegi\/","title":{"rendered":"Noclegi"},"content":{"rendered":"\n<p><\/p>\n\n\n\n<p>Na pielgrzymce korzystamy z go\u015bcinno\u015bci wielu dobrych ludzi, kt\u00f3rzy przyjmuj\u0105 nas pod sw\u00f3j dach. Czasem zdarza si\u0119 te\u017c nocleg w szko\u0142ach, \u015bwietlicach czy remizach stra\u017cackich. Gdziekolwiek by\u015bmy nie trafili, przyjmujemy wszystko z wdzi\u0119czno\u015bci\u0105 i rado\u015bci\u0105.<\/p>\n\n\n\n<p>Kwatermistrzowie to osoby z pielgrzymki, kt\u00f3re najcz\u0119\u015bciej po pierwszym etapie danego dnia jad\u0105 do miejscowo\u015bci noclegu i szukaj\u0105 dla nas kwater. Oni te\u017c przydzielaj\u0105 do zorganizowanych nocleg\u00f3w grupy noclegowe.<\/p>\n\n\n\n<p>Po przydzieleniu noclegu idziemy pod wskazany przez kwatermistrz\u00f3w adres.<\/p>\n\n\n\n<p>W dobrym tonie jest pozostawi\u0107 po sobie jak\u0105\u015b pami\u0105tk\u0119 lub upominek dla gospodarzy &#8211; pami\u0105tkowy znaczek &#8222;rybk\u0119&#8221; znaczek diecezjalny, chust\u0119 czy inny drobny upominek. Warto te\u017c trzyma\u0107 kartk\u0119 z adresem gospodarzy i przes\u0142a\u0107 im pami\u0105tkowe pozdrowienia z Jasnej G\u00f3ry, czy \u015bwi\u0105teczne \u017cyczenia na Bo\u017ce Narodzenie, czy Wielkanoc. To zawsze mi\u0142e, gdy potrafimy za okazan\u0105 bezinteresownie pomoc odwdzi\u0119czy\u0107 si\u0119 cho\u0107by najmniejszym gestem.<\/p>\n\n\n\n<div class=\"wp-block-columns is-layout-flex wp-container-core-columns-is-layout-9d6595d7 wp-block-columns-is-layout-flex\">\n<div class=\"wp-block-column is-layout-flow wp-block-column-is-layout-flow\" style=\"flex-basis:100%\"><\/div>\n<\/div>\n","protected":false},"excerpt":{"rendered":"<p>Na pielgrzymce korzystamy z go\u015bcinno\u015bci wielu dobrych ludzi, kt\u00f3rzy przyjmuj\u0105 nas pod sw\u00f3j dach. Czasem zdarza si\u0119 te\u017c nocleg w szko\u0142ach, \u015bwietlicach czy remizach stra\u017cackich. Gdziekolwiek by\u015bmy nie trafili, przyjmujemy wszystko z wdzi\u0119czno\u015bci\u0105 i rado\u015bci\u0105. Kwatermistrzowie to osoby z pielgrzymki, kt\u00f3re najcz\u0119\u015bciej po pierwszym etapie danego dnia jad\u0105 do miejscowo\u015bci noclegu i szukaj\u0105 dla nas [&hellip;]<\/p>\n","protected":false},"author":1,"featured_media":0,"parent":4411,"menu_order":0,"comment_status":"closed","ping_status":"closed","template":"","meta":{"footnotes":""},"class_list":["post-4430","page","type-page","status-publish","hentry"],"_links":{"self":[{"href":"https:\/\/pielgrzymkakociewie.pl\/index.php\/wp-json\/wp\/v2\/pages\/4430","targetHints":{"allow":["GET"]}}],"collection":[{"href":"https:\/\/pielgrzymkakociewie.pl\/index.php\/wp-json\/wp\/v2\/pages"}],"about":[{"href":"https:\/\/pielgrzymkakociewie.pl\/index.php\/wp-json\/wp\/v2\/types\/page"}],"author":[{"embeddable":true,"href":"https:\/\/pielgrzymkakociewie.pl\/index.php\/wp-json\/wp\/v2\/users\/1"}],"replies":[{"embeddable":true,"href":"https:\/\/pielgrzymkakociewie.pl\/index.php\/wp-json\/wp\/v2\/comments?post=4430"}],"version-history":[{"count":4,"href":"https:\/\/pielgrzymkakociewie.pl\/index.php\/wp-json\/wp\/v2\/pages\/4430\/revisions"}],"predecessor-version":[{"id":7949,"href":"https:\/\/pielgrzymkakociewie.pl\/index.php\/wp-json\/wp\/v2\/pages\/4430\/revisions\/7949"}],"up":[{"embeddable":true,"href":"https:\/\/pielgrzymkakociewie.pl\/index.php\/wp-json\/wp\/v2\/pages\/4411"}],"wp:attachment":[{"href":"https:\/\/pielgrzymkakociewie.pl\/index.php\/wp-json\/wp\/v2\/media?parent=4430"}],"curies":[{"name":"wp","href":"https:\/\/api.w.org\/{rel}","templated":true}]}}